divide 425?
False
Is 8 a factor of 2151?
False
Is 6384 a multiple of 42?
True
Is 192 a multiple of 13?
False
Does 4 divide 6608?
True
Is 10 a factor of 1510?
True
Is 15 a factor of 2285?
False
Is 3685 a multiple of 55?
True
Does 2 divide 10085?
False
Is 23 a factor of 2618?
False
Is 87 a factor of 1392?
True
Is 48 a factor of 1292?
False
Does 3 divide 5121?
True
Does 32 divide 256?
True
Does 83 divide 5702?
False
Is 704 a multiple of 17?
False
Is 5728 a multiple of 16?
True
Is 23 a factor of 22356?
True
Is 12064 a multiple of 104?
True
Is 205 a multiple of 13?
False
Is 69 a factor of 32620?
False
Does 36 divide 1087?
False
Does 27 divide 15039?
True
Is 17 a factor of 1564?
True
Is 3280 a multiple of 4?
True
Is 2108 even?
True
Does 37 divide 5004?
False
Does 11 divide 9735?
True
Is 29 a factor of 709?
False
Is 11865 a multiple of 5?
True
Is 18 a factor of 1062?
True
Is 7 a factor of 5257?
True
Does 22 divide 726?
True
Does 26 divide 208?
True
Is 24 a factor of 7370?
False
Is 69 a factor of 4101?
False
Is 186 a factor of 21390?
True
Is 31 a factor of 49585?
False
Does 22 divide 1545?
False
Is 1166 a multiple of 13?
False
Is 146 a factor of 38982?
True
Does 24 divide 198?
False
Does 7 divide 889?
True
Does 10 divide 15961?
False
Is 426 a multiple of 5?
False
Is 2033 a multiple of 9?
False
Is 3744 a multiple of 234?
True
Is 34 a factor of 2815?
False
Is 443 a multiple of 38?
False
Is 9 a factor of 60723?
True
Does 117 divide 6435?
True
Is 2303 a multiple of 159?
False
Is 3 a factor of 380?
False
Is 2627 a multiple of 71?
True
Is 1045 a multiple of 30?
False
Is 7 a factor of 595?
True
Is 1899 even?
False
Is 6 a multiple of 6?
True
Does 3 divide 149?
False
Is 13 a factor of 715?
True
Is 233 a multiple of 4?
False
Is 10 a factor of 47?
False
Is 60159 a multiple of 33?
True
Does 3 divide 658?
False
Is 11 a factor of 385?
True
Is 452 a multiple of 54?
False
Does 13 divide 12646?
False
Is 27 a multiple of 2?
False
Is 2718 a multiple of 2?
True
Is 9837 a multiple of 26?
False
Does 3 divide 167?
False
Is 3588 a multiple of 46?
True
Is 8821 a multiple of 157?
False
Is 6192 a multiple of 72?
True
Is 7700 a multiple of 44?
True
Does 114 divide 63156?
True
Is 3 a factor of 3653?
False
Does 53 divide 3127?
True
Does 4 divide 292?
True
Does 19 divide 969?
True
Is 12 a factor of 882?
False
Is 1920 a multiple of 64?
True
Is 1367 a multiple of 12?
False
Is 1316 a multiple of 12?
False
Does 20 divide 540?
True
Is 20952 a multiple of 24?
True
Does 106 divide 22896?
True
Is 34 a factor of 36040?
True
Is 10 a factor of 9070?
True
Is 4 a factor of 1620?
True
Does 19 divide 4883?
True
Does 119 divide 73423?
True
Is 2126 a multiple of 16?
False
Is 10141 a multiple of 22?
False
Does 39 divide 32038?
False
Is 8398 a multiple of 17?
True
Does 40 divide 7618?
False
Is 79 a factor of 425?
False
Is 3 a factor of 440?
False
Is 10 a factor of 2030?
True
Does 108 divide 7884?
True
Is 45 a factor of 270?
True
Does 24 divide 30879?
False
Does 12 divide 23964?
True
Is 95 a multiple of 3?
False
Is 3 a factor of 1851?
True
Does 15 divide 3225?
True
Is 1671 a multiple of 36?
False
Does 13 divide 27553?
False
Does 133 divide 1236?
False
Is 26738 a multiple of 71?
False
Is 22 a factor of 799?
False
Is 6 a factor of 278?
False
Is 10 a factor of 728?
False
Is 16 a factor of 192?
True
Does 12 divide 2724?
True
Does 9 divide 823?
False
Is 815 a multiple of 21?
False
Is 10 a factor of 2649?
False
Is 10 a factor of 240?
True
Is 549 a multiple of 5?
False
Is 93 a multiple of 5?
False
Is 5225 a multiple of 19?
True
Does 20 divide 14580?
True
Does 42 divide 12978?
True
Is 146 a multiple of 2?
True
Does 31 divide 217?
True
Is 12 a multiple of 11?
False
Is 1160 a multiple of 20?
True
Is 881 a multiple of 56?
False
Is 1225 a multiple of 4?
False
Is 19464 a multiple of 33?
False
Is 14 a factor of 1064?
True
Does 36 divide 144?
True
Does 32 divide 1529?
False
Does 10 divide 840?
True
Is 7 a factor of 3264?
False
Does 22 divide 4092?
True
Is 43 a factor of 11782?
True
Is 27 a factor of 2482?
False
Is 13 a factor of 744?
False
Is 9 a factor of 3564?
True
Does 36 divide 1584?
True
Does 21 divide 17632?
False
Does 28 divide 1858?
False
Is 15 a factor of 36510?
True
Does 14 divide 84?
True
Does 14 divide 924?
True
Is 62 a factor of 930?
True
Is 738 a multiple of 18?
True
Is 126698 a multiple of 22?
True
Is 36 a factor of 648?
True
Is 161 a factor of 322?
True
Does 19 divide 3078?
True
Is 40 a multiple of 12?
False
Is 20 a factor of 4460?
True
Is 18158 a multiple of 14?
True
Is 1837 a multiple of 25?
False
Is 21294 a multiple of 6?
True
Is 1272 a multiple of 119?
False
Is 54457 a multiple of 71?
True
Is 94261 a multiple of 86?
False
Is 11 a factor of 87967?
True
Is 51863 a multiple of 423?
False
Does 64 divide 801?
False
Does 4 divide 12?
True
Is 4772 a multiple of 53?
False
Is 7 a factor of 1211?
True
Does 45 divide 97?
False
Is 144 a multiple of 9?
True
Is 13 a factor of 676?
True
Does 74 divide 1542?
False
Is 32 a factor of 1984?
True
Is 202 a factor of 86670?
False
Is 61 even?
False
Is 19 a factor of 105?
False
Does 12 divide 642?
False
Is 918 a multiple of 5?
False
Does 55 divide 1760?
True
Is 43 a factor of 357?
False
Does 98 divide 2402?
False
Does 141 divide 11280?
True
Is 179 a factor of 10678?
False
Does 42 divide 54211?
False
Is 464 a multiple of 26?
False
Is 136 even?
True
Is 35 a factor of 58765?
True
Does 2 divide 93?
False
Does 37 divide 7912?
False
Does 118 divide 3422?
True
Does 67 divide 105207?
False
Is 3360 a multiple of 28?
True
Is 25 a factor of 1222?
False
Is 2352 a multiple of 8?
True
Does 46 divide 184?
True
Is 41 a factor of 1669?
False
Is 27756 a multiple of 92?
False
Does 8 divide 15?
False
Is 21797 a multiple of 51?
False
Is 185 even?
False
Does 53 divide 424?
True
Does 12 divide 5100?
True
Is 3956 a multiple of 70?
False
Is 14661 a multiple of 43?
False
Is 1680 a multiple of 56?
True
Is 8091 a multiple of 29?
True
Is 2772 a multiple of 14?
True
Does 14 divide 160?
False
Is 380 a multiple of 38?
True
Does 188 divide 6768?
True
Is 803 a multiple of 23?
False
Does 94 divide 1974?
True
Is 174 a multiple of 58?
True
Is 105360 a multiple of 20?
True
Is 910 a multiple of 10?
True
Does 6 divide 747?
False
Does 144 divide 9404?
False
Is 22 a factor of 635?
False
Is 9185 a multiple of 8?
False
Is 69 a factor of 3804?
False
Is 1496 a multiple of 68?
True
Is 3075 a multiple of 40?
False
Does 34 divide 4210?
False
Is 38 a factor of 342?
True
Is 376 a multiple of 2?
True
Does 45 divide 630?
True
Is 157 a factor of 109002?
False
Is 730 a multiple of 13?
False
Does 13 divide 1222?
True
Does 52 divide 937?
False
Is 19 a factor of 22154?
True
Is 10 a factor of 3750?
True
Is 13 a factor of 1170?
True
Does 16 divide 335?
False
Is 50 a multiple of 9?
False
Does 19 divide 152?
True
Does 18 divide 20777?
False
Does 47 divide 47?
True
Does 26 divide 1144?
True
Is 11 a factor of 4268?
True
Does 7 divide 47222?
True
Is 17 a factor of 3498?
False
Is 16 a factor of 13829?
False
Does 201 divide 1005?
True
Is 529 even?
False
Is 15 a factor of 925?
False
Is 54 a factor of 11502?
True
Is 41 a factor of 13120?
True
Does 18 divide 876?
False
Is 5 a factor of 4219?
False
Is 12096 a multiple of 8?
True
Is 38 a factor of 27892?
True
Is 2206 a multiple of 6?
False
Is 161 a multiple of 12?
False
Is 13 a factor of 383?
False
Does 36 divide 4356?
True
Is 810 a multiple of 54?
True
Is 310 a factor of 58876?
False
Is 722 a multiple of 7?
False
Is 91 a multiple of 11?
False
Is 297 a multiple of 8?
False
Is 94 even?
True
Does 8 divide 1217?
False
Does 15 divide 234?
False
Does 54 divide 25380?
True
Is 137 a multiple of 6?
False
Is 6 a factor of 1290?
True
Is 40 a factor of 3039?
False
Does 11 divide 1859?
True
Is 2880 a multiple of 8?
True
Is 25722 a multiple of 26?
False
Is 858 a multiple of 13?
True
Is 682 a multiple of 22?
True
Is 13 a factor of 137?
False
Is 32 a factor of 11968?
True
Does 9 divide 197?
False
Is 18 a factor of 1350?
True
Does 15 divide 795?
True
Is 13 a factor of 69?
False
Is 37 a factor of 1369?
True
Is 544 a multiple of 17?
True
Does 7 divide 483?
True
Is 6 a factor of 5397?
False
Does 16 divide 3192?
False
Is 1794 a multiple of 138?
True
Does 20 divide 2085?
False
Is 8475 a multiple of 15?
Tru